{"id":37,"date":"2013-04-18T22:59:08","date_gmt":"2013-04-18T20:59:08","guid":{"rendered":"https:\/\/www.judo-blog.de\/test\/wordpress\/?page_id=37"},"modified":"2017-09-27T17:44:39","modified_gmt":"2017-09-27T15:44:39","slug":"karate","status":"publish","type":"page","link":"https:\/\/www.judo-blog.de\/wordpress\/karate\/","title":{"rendered":"Bagua"},"content":{"rendered":"<p>Bagua wird hier als Kunst\/Wissenschaft des Kampfes, sowie der Geist- und K\u00f6rperschulung, verstanden. Frei von jedem Verbands- oder Stilgedanken.<\/p>\n<p>&nbsp;<\/p>\n<ul class=\"lcp_catlist\" id=\"lcp_instance_0\"><li><a href=\"https:\/\/www.judo-blog.de\/wordpress\/allgemein\/willkommen\/\">Willkommen!<\/a><div class=\"lcp_excerpt\">\u201cNever complain and never explain.\u201d \u2013 Benjamin Disraeli\nIn diesem Blog wollen wir uns mit zwei sehr interessanten Themen besch\u00e4ftigen: Judo und Bagua.\u00a0Wir werden unsere Standpunkte und Ideen dazu darlegen und \u00fcber unser Training berichten.\n&nbsp;\n<\/div><a href=\"https:\/\/www.judo-blog.de\/wordpress\/allgemein\/willkommen\/\">Weiterlesen...<\/a><\/li><li><a href=\"https:\/\/www.judo-blog.de\/wordpress\/allgemein\/das-schaerfegleichnis\/\">Das Sch\u00e4rfegleichnis &#8211; von John Flais<\/a><div class=\"lcp_excerpt\">\n\n\n\nIch wurde k\u00fcrzlich in eine online-Diskussion verwickelt, die davon ausging, dass wieder mal ein Taijiquan-Lehrer (um das Wort \u00abMeister\u00bb zu umgehen) von einem Vollkontaktler (Sanda) \u00f6ffentlich verpr\u00fcgelt worden war. Konkret ging ersterer dreimal nach einem einseitigen Schlagabtausch von je maximal zehn Sekunden auf die Bretter, wobei er beim dritten Mal selbst steif wie ein Brett ...<\/div><a href=\"https:\/\/www.judo-blog.de\/wordpress\/allgemein\/das-schaerfegleichnis\/\">Weiterlesen...<\/a><\/li><li><a href=\"https:\/\/www.judo-blog.de\/wordpress\/allgemein\/ueber-strassen-netze-und-bewegung\/\">\u00dcber Stra\u00dfen, Netze und Bewegung<\/a><div class=\"lcp_excerpt\">In dem ersten Artikel \u00fcber \u201eDas Gehirn und die Bilder\u201c sind wir ja auf die Bedeutung der inneren Bilder und die Vernetzung des Gehirns eingegangen.\nIn diesem Artikel soll jetzt die Br\u00fccke geschlagen werden zu der Verbindung zwischen k\u00f6rperlicher \u00dcbung, unserem \u201eDenken\u201c und den verschiedenen, daran beteiligten, Gebieten unseres Gehirns.\nWenn wir \u00fcber \u201edas Gehirn\u201c reden muss ...<\/div><a href=\"https:\/\/www.judo-blog.de\/wordpress\/allgemein\/ueber-strassen-netze-und-bewegung\/\">Weiterlesen...<\/a><\/li><li><a href=\"https:\/\/www.judo-blog.de\/wordpress\/allgemein\/kampf-und-kunst\/\">Kampf und Kunst<\/a><div class=\"lcp_excerpt\">Wir haben hier ja schon mehrmals \u00fcber &#8222;Bilder&#8220; und &#8222;Ideen&#8220; geschrieben, aber wie h\u00e4ngen diese zusammen?\nUm das zu verdeutlichen m\u00f6chte hier ein Beispiel aus der Kunst nutzen: Michelangelos Decke in der Sixtinischen Kapelle. Die Decke selber ist ein &#8222;Bild&#8220;, welches aus vielen einzelnen &#8222;Bildern&#8220; besteht. Diese Bilder wiederum bestehen aus vielen einzelnen Ideen.\nDie &#8222;Erschaffung Adams&#8220; ...<\/div><a href=\"https:\/\/www.judo-blog.de\/wordpress\/allgemein\/kampf-und-kunst\/\">Weiterlesen...<\/a><\/li><li><a href=\"https:\/\/www.judo-blog.de\/wordpress\/allgemein\/innere-bilder-ideen-und-achtsamkeit\/\">Innere Bilder, Ideen und Achtsamkeit.<\/a><div class=\"lcp_excerpt\">Was genau muss man sich unter &#8222;Bildern&#8220; oder &#8222;Ideen&#8220; vorstellen?\nBilderarbeit (die Arbeit mit Ideen) macht unserem Bewusstsein unterbewusst ablaufende Prozesse zug\u00e4nglich, oder beeinflusst sie.\nZur Erl\u00e4uterung der Rolle des &#8222;Bewusstseins&#8220; hier mal ein Zitat aus einer Arbeit von Maja Storch:\n&#8222;Aus neurowissenschaftlicher Sicht entstehen &#8222;alle Aspekte des psychischen normalen wie auch des neurotischen Verhaltens &#8230; aus den ...<\/div><a href=\"https:\/\/www.judo-blog.de\/wordpress\/allgemein\/innere-bilder-ideen-und-achtsamkeit\/\">Weiterlesen...<\/a><\/li><li><a href=\"https:\/\/www.judo-blog.de\/wordpress\/allgemein\/das-licht-und-die-dunkelheit-in-uns\/\">Das Licht und die Dunkelheit in uns<\/a><div class=\"lcp_excerpt\">Im heutigen Blogbeitrag m\u00f6chte ich gar nicht so viel selber schreiben, sondern einfach zwei Beitr\u00e4ge f\u00fcr sich sprechen lassen, die, meiner Meinung nach, sehr gut zum Ausdruck bringen warum man sich in den Kampfk\u00fcnsten mit Gewalt auseinander setzt.\nGut und B\u00f6se existieren in jedem von uns und ich muss mir der dunklen Seite in mir immer ...<\/div><a href=\"https:\/\/www.judo-blog.de\/wordpress\/allgemein\/das-licht-und-die-dunkelheit-in-uns\/\">Weiterlesen...<\/a><\/li><li><a href=\"https:\/\/www.judo-blog.de\/wordpress\/allgemein\/26-judokai-der-kodokan-judo-kidokai-wuerfe-und-takedowns-fuer-bjj-grappling-und-judo\/\">26. Judokai der Kod\u00f4kan J\u00fbd\u00f4 Kid\u00f4kai: W\u00fcrfe und Takedowns f\u00fcr BJJ, Grappling und Judo<\/a><div class=\"lcp_excerpt\">Termin: Samstag, 25. M\u00e4rz \/ Sonntag, 26. M\u00e4rz 2017\nLehrgangsort: Neue Mehrzweckhalle, Quieraustra\u00dfe 7, 96529 Frankenblick, OT Mengersgereuth-H\u00e4mmern\nReferent: Tom Kohlrausch 8.Dan Judo\nTrainingszeiten: Samstag, 25.03.2017 von 11:00 -18.00 Uhr (1 Stunde Mittagspause einschlie\u00dflich Mittags-Imbiss)\nSonntag, 26.03.2017 von 9:30 bis 13:00 Uhr\n\nLG-Geb\u00fchr: 60,- Euro nur Samstag; 80,- Euro Samstag + Sonntag (Mineralwasser sowie Mittagessen am Samstag \/ Fr\u00fchst\u00fcck am ...<\/div><a href=\"https:\/\/www.judo-blog.de\/wordpress\/allgemein\/26-judokai-der-kodokan-judo-kidokai-wuerfe-und-takedowns-fuer-bjj-grappling-und-judo\/\">Weiterlesen...<\/a><\/li><li><a href=\"https:\/\/www.judo-blog.de\/wordpress\/allgemein\/unterrichtsdidaktik-in-den-cma\/\">Unterrichtsdidaktik in den CMA<\/a><div class=\"lcp_excerpt\">\nWie die Grafik zeigt beinhalten die chinesischen Kampfk\u00fcnste die Bereiche Geist, K\u00f6rper und Technik\/Anwendungen. F\u00fcr jeden Teilbereich gibt es spezielle \u00dcbungen, die alle miteinander verbunden sind und aufeinander aufbauen. Technik, bzw. die Effektivit\u00e4t der Anwendungen, ist abh\u00e4ngig von den k\u00f6rperlichen Skills und die Entwicklung dieser ben\u00f6tigt die richtigen \u201eIdeen\u201c im Geist. Diese Ideen wiederum ben\u00f6tigt ...<\/div><a href=\"https:\/\/www.judo-blog.de\/wordpress\/allgemein\/unterrichtsdidaktik-in-den-cma\/\">Weiterlesen...<\/a><\/li><li><a href=\"https:\/\/www.judo-blog.de\/wordpress\/allgemein\/5-judo-und-takedown-seminar-in-muenchen-am-21-22-januar-2017\/\">5. Judo- und Takedown-Seminar in M\u00fcnchen am 21.\/22. Januar 2017<\/a><div class=\"lcp_excerpt\">5. Judo- und Takedown-Seminar mit Tom &#8222;Rambat&#8220; Kohlrausch in M\u00fcnchen\n\nTermin:\n21. \/ 22. Januar 2017\nAusrichter:\nPound for Pound, Judo Team M\u00fcnchen, Boschetsriederstra\u00dfe 60, 81379 M\u00fcnchen\nReferent:\nTom &#8222;Rambat&#8220; Kohlrausch (8. Dan)\nZeitplan:\nSamstag, 12.12.2015:\n11:00 Uhr bis 18:00 Uhr mit Mittagspause\nSonntag, 13.12.2015:\n10:00 Uhr bis 13:00 Uhr\nSeminarinhalte:\nW\u00fcrfe, Takedowns, Gripfight und Setups f\u00fcr Judo, BJJ, und MMA, f\u00fcr Gi und NoGi,\nTeilnehmer:\nJudoka, BJJler, Grappler und ...<\/div><a href=\"https:\/\/www.judo-blog.de\/wordpress\/allgemein\/5-judo-und-takedown-seminar-in-muenchen-am-21-22-januar-2017\/\">Weiterlesen...<\/a><\/li><li><a href=\"https:\/\/www.judo-blog.de\/wordpress\/allgemein\/trainingsmotivation\/\">Trainingsmotivation<\/a><div class=\"lcp_excerpt\">Ich denke seit einiger Zeit oft dar\u00fcber nach, warum viele Kampfsportler so intensiv trainieren &#8230;\nWas motiviert sie?\nIch selbst steige nun nach meiner OP langsam wieder ins Randori ein, und das ist hart, das ist anstrengend, das ist frustrierend, manchmal sogar deprimierend, denn etliche Bewegungsabl\u00e4ufe sind w\u00e4hrend der Rekonvaleszenz regelrecht eingerostet. Sie m\u00fcssen in geduldiger, z\u00e4her ...<\/div><a href=\"https:\/\/www.judo-blog.de\/wordpress\/allgemein\/trainingsmotivation\/\">Weiterlesen...<\/a><\/li><li><a href=\"https:\/\/www.judo-blog.de\/wordpress\/allgemein\/25-judokai-der-kodokan-judo-kidokai-wuerfe-und-takedowns-fuer-bjj-grappling-und-judo\/\">25. Judokai der Kod\u00f4kan J\u00fbd\u00f4 Kid\u00f4kai: W\u00fcrfe und Takedowns f\u00fcr BJJ, Grappling und Judo<\/a><div class=\"lcp_excerpt\">Termin: Samstag, 26. November \/ Sonntag, 27. November 2016\nLehrgangsort: Neue Mehrzweckhalle, Quieraustra\u00dfe 7, 96529 Frankenblick, OT Mengersgereuth-H\u00e4mmern\nReferent: Tom Kohlrausch 8.Dan Judo\nTrainingszeiten: Samstag, 26.11.2016 11:00 -18.00 Uhr (1 Stunde Mittagspause einschlie\u00dflich Mittags-Imbiss)\nSonntag, 27.11.2016 von 9:30 bis 13:00 Uhr\nLG-Geb\u00fchr: 60,- Euro nur Samstag; 80\u20ac Samstag + Sonntag (Mineralwasser sowie Mittagessen am Samstag \/ Fr\u00fchst\u00fcck am Sonntag sind ...<\/div><a href=\"https:\/\/www.judo-blog.de\/wordpress\/allgemein\/25-judokai-der-kodokan-judo-kidokai-wuerfe-und-takedowns-fuer-bjj-grappling-und-judo\/\">Weiterlesen...<\/a><\/li><\/ul>\n","protected":false},"excerpt":{"rendered":"<p>Bagua wird hier als Kunst\/Wissenschaft des Kampfes, sowie der Geist- und K\u00f6rperschulung, verstanden. Frei von jedem Verbands- oder Stilgedanken. &nbsp;<\/p>\n","protected":false},"author":2,"featured_media":0,"parent":0,"menu_order":0,"comment_status":"closed","ping_status":"open","template":"sidebar-page.php","meta":[],"_links":{"self":[{"href":"https:\/\/www.judo-blog.de\/wordpress\/wp-json\/wp\/v2\/pages\/37"}],"collection":[{"href":"https:\/\/www.judo-blog.de\/wordpress\/wp-json\/wp\/v2\/pages"}],"about":[{"href":"https:\/\/www.judo-blog.de\/wordpress\/wp-json\/wp\/v2\/types\/page"}],"author":[{"embeddable":true,"href":"https:\/\/www.judo-blog.de\/wordpress\/wp-json\/wp\/v2\/users\/2"}],"replies":[{"embeddable":true,"href":"https:\/\/www.judo-blog.de\/wordpress\/wp-json\/wp\/v2\/comments?post=37"}],"version-history":[{"count":22,"href":"https:\/\/www.judo-blog.de\/wordpress\/wp-json\/wp\/v2\/pages\/37\/revisions"}],"predecessor-version":[{"id":751,"href":"https:\/\/www.judo-blog.de\/wordpress\/wp-json\/wp\/v2\/pages\/37\/revisions\/751"}],"wp:attachment":[{"href":"https:\/\/www.judo-blog.de\/wordpress\/wp-json\/wp\/v2\/media?parent=37"}],"curies":[{"name":"wp","href":"https:\/\/api.w.org\/{rel}","templated":true}]}}